{"id":2655,"date":"2020-05-10T15:07:50","date_gmt":"2020-05-10T15:07:50","guid":{"rendered":"https:\/\/dentiste-reymond.ch\/?page_id=2655"},"modified":"2025-04-01T18:34:30","modified_gmt":"2025-04-01T18:34:30","slug":"traitements-dentaires-aux-enfants","status":"publish","type":"page","link":"https:\/\/www.cabinet-du-grand-pont.ch\/index.php\/traitements-dentaires-aux-enfants\/","title":{"rendered":"Traitements dentaires pour enfants"},"content":{"rendered":"\n<p class=\"has-tertiary-color has-text-color has-link-color wp-elements-c0c7f44a36b936ab39a86680ea8489cb\">Offrir un sourire en bonne sant\u00e9 d\u00e8s le plus jeune \u00e2ge est essentiel. Nos soins pour enfants sont sp\u00e9cialement adapt\u00e9s pour pr\u00e9venir et traiter les caries, corriger les \u00e9ventuels probl\u00e8mes dentaires et accompagner le d\u00e9veloppement harmonieux de leur dentition. Nous veillons \u00e0 cr\u00e9er un environnement rassurant et ludique pour que chaque visite soit une exp\u00e9rience positive.<\/p>\n\n\n\n<p><\/p>\n","protected":false},"excerpt":{"rendered":"<p>Offrir un sourire en bonne sant\u00e9 d\u00e8s le plus jeune \u00e2ge est essentiel. Nos soins pour enfants sont sp\u00e9cialement adapt\u00e9s pour pr\u00e9venir et traiter les caries, corriger les \u00e9ventuels probl\u00e8mes dentaires et accompagner le d\u00e9veloppement harmonieux de leur dentition. Nous veillons \u00e0 cr\u00e9er un environnement rassurant et ludique pour que chaque visite soit une exp\u00e9rience<\/p>\n","protected":false},"author":1,"featured_media":2916,"parent":0,"menu_order":0,"comment_status":"closed","ping_status":"closed","template":"","meta":{"footnotes":""},"class_list":["post-2655","page","type-page","status-publish","has-post-thumbnail","hentry"],"_links":{"self":[{"href":"https:\/\/www.cabinet-du-grand-pont.ch\/index.php\/wp-json\/wp\/v2\/pages\/2655","targetHints":{"allow":["GET"]}}],"collection":[{"href":"https:\/\/www.cabinet-du-grand-pont.ch\/index.php\/wp-json\/wp\/v2\/pages"}],"about":[{"href":"https:\/\/www.cabinet-du-grand-pont.ch\/index.php\/wp-json\/wp\/v2\/types\/page"}],"author":[{"embeddable":true,"href":"https:\/\/www.cabinet-du-grand-pont.ch\/index.php\/wp-json\/wp\/v2\/users\/1"}],"replies":[{"embeddable":true,"href":"https:\/\/www.cabinet-du-grand-pont.ch\/index.php\/wp-json\/wp\/v2\/comments?post=2655"}],"version-history":[{"count":3,"href":"https:\/\/www.cabinet-du-grand-pont.ch\/index.php\/wp-json\/wp\/v2\/pages\/2655\/revisions"}],"predecessor-version":[{"id":3428,"href":"https:\/\/www.cabinet-du-grand-pont.ch\/index.php\/wp-json\/wp\/v2\/pages\/2655\/revisions\/3428"}],"wp:featuredmedia":[{"embeddable":true,"href":"https:\/\/www.cabinet-du-grand-pont.ch\/index.php\/wp-json\/wp\/v2\/media\/2916"}],"wp:attachment":[{"href":"https:\/\/www.cabinet-du-grand-pont.ch\/index.php\/wp-json\/wp\/v2\/media?parent=2655"}],"curies":[{"name":"wp","href":"https:\/\/api.w.org\/{rel}","templated":true}]}}