{"id":3014,"date":"2021-05-20T08:13:21","date_gmt":"2021-05-20T08:13:21","guid":{"rendered":"https:\/\/www.cabinet-du-grand-pont.ch\/temp\/?page_id=3014"},"modified":"2025-04-16T16:23:29","modified_gmt":"2025-04-16T16:23:29","slug":"notre-equipe","status":"publish","type":"page","link":"https:\/\/www.cabinet-du-grand-pont.ch\/index.php\/notre-equipe\/","title":{"rendered":"Notre \u00e9quipe"},"content":{"rendered":"<div id=\"pl-3014\"  class=\"panel-layout\" ><div id=\"pg-3014-0\"  class=\"panel-grid panel-has-style\" ><div class=\"divider-no-animation tablet-default mobile-1-in-row desktop-default panel-row-style panel-row-style-for-3014-0\" ><div id=\"pgc-3014-0-0\"  class=\"panel-grid-cell\" ><div id=\"panel-3014-0-0-0\" class=\"so-panel widget widget_orion_heading_w panel-first-child\" data-index=\"0\" ><div class=\"orion default panel-widget-style panel-widget-style-for-3014-0-0-0\" ><div\n\t\t\t\n\t\t\tclass=\"so-widget-orion_heading_w so-widget-orion_heading_w-base\"\n\t\t\t\n\t\t> \r\n\t\t\t<div class=\"row orion-heading\" style=\"margin-bottom:0px;\">\r\n\t\t<div class=\"col-md-12   text-left style-h2 style-text-default\">\r\n\t\t\t<h2 class=\"text-default\">\r\n\t\t\t\tNotre \u00e9quipe\t\t\t<\/h2>\r\n\t\t<\/div>\r\n\t<\/div>\r\n\r\n\t<\/div><\/div><\/div><div id=\"panel-3014-0-0-1\" class=\"so-panel widget widget_text\" data-index=\"1\" ><div class=\"orion default panel-widget-style panel-widget-style-for-3014-0-0-1\" >\t\t\t<div class=\"textwidget\"><p>Constitu\u00e9 de trois dentistes, une hygi\u00e9niste, une hygi\u00e9niste ind\u00e9pendante et de trois assistantes, l\u2019\u00e9quipe est compl\u00e9t\u00e9e par un technicien travaillant dans un laboratoire int\u00e9gr\u00e9 dans nos locaux.<\/p>\n<\/div>\n\t\t<\/div><\/div><div id=\"panel-3014-0-0-2\" class=\"so-panel widget widget_orion_empty_space_w panel-last-child\" data-index=\"2\" ><div class=\"orion default panel-widget-style panel-widget-style-for-3014-0-0-2\" ><div\n\t\t\t\n\t\t\tclass=\"so-widget-orion_empty_space_w so-widget-orion_empty_space_w-base\"\n\t\t\t\n\t\t>\t<div class=\"row empty-space visible-lg visible-md visible-sm visible-xs\" style=\"height:24px;\">\r\n\t<\/div><\/div><\/div><\/div><\/div><\/div><\/div><div id=\"pg-3014-1\"  class=\"panel-grid panel-has-style\" ><div class=\"divider-no-animation tablet-default mobile-1-in-row desktop-default panel-row-style panel-row-style-for-3014-1\" ><div id=\"pgc-3014-1-0\"  class=\"panel-grid-cell\" ><div id=\"panel-3014-1-0-0\" class=\"so-panel widget widget_orion_team_w panel-first-child\" data-index=\"3\" ><div class=\"orion default panel-widget-style panel-widget-style-for-3014-1-0-0\" ><div\n\t\t\t\n\t\t\tclass=\"so-widget-orion_team_w so-widget-orion_team_w-base\"\n\t\t\t\n\t\t><div class=\"row team-members grid\">\r\n\r\n<div class=\"wrapper\">\r\n\r\n\t\r\n\t\t\t\t\t\t\t<article class=\"item col-md-4 col-sm-6\">\r\n\t\t\t<div class=\"wrap\" style=\"background-color: transparent\">\r\n\t\t\t\t<header class=\"entry-header padding-medium has_border\" >\r\n\t\t\t\t\t\t\t\t\t\t\t\t\t\t\t\t<a href=\"https:\/\/www.cabinet-du-grand-pont.ch\/index.php\/team-member\/dr-francois-reymond\/\" class=\"image-wrap overlay-none overlay-hover-none scale-zoomin orion_circle rounded\">\r\n\t\t\t\t\t\t\t\t\t\t\t\t\t\t<div class=\"circle-wrap\">\r\n\t\t\t\t\t\t\t\t\t\t\t\t\t\t\t<img loading=\"lazy\" decoding=\"async\" width=\"476\" height=\"458\" src=\"https:\/\/www.cabinet-du-grand-pont.ch\/wp-content\/uploads\/2021\/05\/Capture-decran-2025-05-28-104011.png\" class=\"attachment-orion_square size-orion_square wp-post-image\" alt=\"\" \/>\t\t\t\t\t\t\t\t<div class=\"overlay\"><\/div>\r\n\t\t\t\t\t\t\t\t\t\t\t\t\t\t<\/div>\r\n\t\t\t\t\t\t\t\t\t\t\t\t\t<\/a>\r\n\t\t\t\t\t\t\t\t\t\t\t\r\n\t\t\t\t<\/header>\t\r\n\t\t\t<div class=\"entry-content vcard  no_bg_color has_border\">\r\n\t\t\t\t<div class=\"basic-info\">\r\n\t\t\t\t\t \r\n\t\t\t\t\t\t<div class=\"departments\">\t\r\n\t\t\t\t\t\t\t \r\n\t\t\t\t\t\t        \t\t\t\t\t\t        \t\t\t\t\t\t\t\t\t\t\r\n\t\t\t\t\t\t\t\t<a class=\"font-3 small category primary-hover primary-color\" href=\"https:\/\/www.cabinet-du-grand-pont.ch\/index.php\/department\/chef-de-clinique\/\">Chef de Clinique<\/a>\r\n\t\t\t\t\t\t        \t\t\t\t\t\t\t\t\t\t\t\t    <\/div>\t\r\n\t\t\t\t    \r\n\t\t\t\t    \t\t\t\t\t\t<a title=\"Dr. Fran\u00e7ois Reymond\" class=\"primary-hover\" href=\"https:\/\/www.cabinet-du-grand-pont.ch\/index.php\/team-member\/dr-francois-reymond\/\"> <h2 class=\"item-title h5 \"> Dr. Fran\u00e7ois Reymond<\/h2>\r\n\t\t\t\t\t\t<\/a>\r\n\t\t\t\t\t\t\t\t\t\r\n\t\t\t\t\t\t\t\t\t\t\r\n\t\t\t\t\t\t\t\t\t<\/div> \r\n\r\n\t\t\t\t\t\t \t\t\r\n\t\t\t\t\t\t\t \t\t\t\t\t\t\t\r\n\t\t\t<\/div>\r\n\t\t<\/div>\r\n\t\t<\/article>\r\n\t\t\t\t\t\t\t<article class=\"item col-md-4 col-sm-6\">\r\n\t\t\t<div class=\"wrap\" style=\"background-color: transparent\">\r\n\t\t\t\t<header class=\"entry-header padding-medium has_border\" >\r\n\t\t\t\t\t\t\t\t\t\t\t\t\t\t\t\t<a href=\"https:\/\/www.cabinet-du-grand-pont.ch\/index.php\/team-member\/dr-orhan-musliu\/\" class=\"image-wrap overlay-none overlay-hover-none scale-zoomin orion_circle rounded\">\r\n\t\t\t\t\t\t\t\t\t\t\t\t\t\t<div class=\"circle-wrap\">\r\n\t\t\t\t\t\t\t\t\t\t\t\t\t\t\t<img loading=\"lazy\" decoding=\"async\" width=\"500\" height=\"498\" src=\"https:\/\/www.cabinet-du-grand-pont.ch\/wp-content\/uploads\/2021\/06\/685ac0ecc5a1d3efb51b76e3_Capture_d_ecran_2025-06-24_171435-p-500-removebg-preview.png\" class=\"attachment-orion_square size-orion_square wp-post-image\" alt=\"\" \/>\t\t\t\t\t\t\t\t<div class=\"overlay\"><\/div>\r\n\t\t\t\t\t\t\t\t\t\t\t\t\t\t<\/div>\r\n\t\t\t\t\t\t\t\t\t\t\t\t\t<\/a>\r\n\t\t\t\t\t\t\t\t\t\t\t\r\n\t\t\t\t<\/header>\t\r\n\t\t\t<div class=\"entry-content vcard  no_bg_color has_border\">\r\n\t\t\t\t<div class=\"basic-info\">\r\n\t\t\t\t\t \r\n\t\t\t\t\t\t<div class=\"departments\">\t\r\n\t\t\t\t\t\t\t \r\n\t\t\t\t\t\t        \t\t\t\t\t\t        \t\t\t\t\t\t\t\t\t\t\r\n\t\t\t\t\t\t\t\t<a class=\"font-3 small category primary-hover primary-color\" href=\"https:\/\/www.cabinet-du-grand-pont.ch\/index.php\/department\/medecin-dentiste\/\">M\u00e9decin dentiste<\/a>\r\n\t\t\t\t\t\t        \t\t\t\t\t\t\t\t\t\t\t\t    <\/div>\t\r\n\t\t\t\t    \r\n\t\t\t\t    \t\t\t\t\t\t<a title=\"Dr Orhan Musliu\" class=\"primary-hover\" href=\"https:\/\/www.cabinet-du-grand-pont.ch\/index.php\/team-member\/dr-orhan-musliu\/\"> <h2 class=\"item-title h5 \"> Dr Orhan Musliu<\/h2>\r\n\t\t\t\t\t\t<\/a>\r\n\t\t\t\t\t\t\t\t\t\r\n\t\t\t\t\t\t\t\t\t\t\r\n\t\t\t\t\t\t\t\t\t<\/div> \r\n\r\n\t\t\t\t\t\t \t\t\r\n\t\t\t\t\t\t\t \t\t\t\t\t\t\t\r\n\t\t\t<\/div>\r\n\t\t<\/div>\r\n\t\t<\/article>\r\n\t\t\t\t\t\t\t<article class=\"item col-md-4 col-sm-6\">\r\n\t\t\t<div class=\"wrap\" style=\"background-color: transparent\">\r\n\t\t\t\t<header class=\"entry-header padding-medium has_border\" >\r\n\t\t\t\t\t\t\t\t\t\t\t\t\t\t\t\t<a href=\"https:\/\/www.cabinet-du-grand-pont.ch\/index.php\/team-member\/miriam-licakova\/\" class=\"image-wrap overlay-none overlay-hover-none scale-zoomin orion_circle rounded\">\r\n\t\t\t\t\t\t\t\t\t\t\t\t\t\t<div class=\"circle-wrap\">\r\n\t\t\t\t\t\t\t\t\t\t\t\t\t\t\t<img loading=\"lazy\" decoding=\"async\" width=\"698\" height=\"607\" src=\"https:\/\/www.cabinet-du-grand-pont.ch\/wp-content\/uploads\/2021\/05\/Capture-decran-2025-05-28-103653.png\" class=\"attachment-orion_square size-orion_square wp-post-image\" alt=\"\" \/>\t\t\t\t\t\t\t\t<div class=\"overlay\"><\/div>\r\n\t\t\t\t\t\t\t\t\t\t\t\t\t\t<\/div>\r\n\t\t\t\t\t\t\t\t\t\t\t\t\t<\/a>\r\n\t\t\t\t\t\t\t\t\t\t\t\r\n\t\t\t\t<\/header>\t\r\n\t\t\t<div class=\"entry-content vcard  no_bg_color has_border\">\r\n\t\t\t\t<div class=\"basic-info\">\r\n\t\t\t\t\t \r\n\t\t\t\t\t\t<div class=\"departments\">\t\r\n\t\t\t\t\t\t\t \r\n\t\t\t\t\t\t        \t\t\t\t\t\t        \t\t\t\t\t\t\t\t\t\t\r\n\t\t\t\t\t\t\t\t<a class=\"font-3 small category primary-hover primary-color\" href=\"https:\/\/www.cabinet-du-grand-pont.ch\/index.php\/department\/medecin-dentiste\/\">M\u00e9decin dentiste<\/a>\r\n\t\t\t\t\t\t        \t\t\t\t\t\t\t\t\t\t\t\t    <\/div>\t\r\n\t\t\t\t    \r\n\t\t\t\t    \t\t\t\t\t\t<a title=\"Miriam Lipcakova\" class=\"primary-hover\" href=\"https:\/\/www.cabinet-du-grand-pont.ch\/index.php\/team-member\/miriam-licakova\/\"> <h2 class=\"item-title h5 \"> Miriam Lipcakova<\/h2>\r\n\t\t\t\t\t\t<\/a>\r\n\t\t\t\t\t\t\t\t\t\r\n\t\t\t\t\t\t\t\t\t\t\r\n\t\t\t\t\t\t\t\t\t<\/div> \r\n\r\n\t\t\t\t\t\t \t\t\r\n\t\t\t\t\t\t\t \t\t\t\t\t\t\t\r\n\t\t\t<\/div>\r\n\t\t<\/div>\r\n\t\t<\/article>\r\n\t\t\t\t\t\t\t<article class=\"item col-md-4 col-sm-6\">\r\n\t\t\t<div class=\"wrap\" style=\"background-color: transparent\">\r\n\t\t\t\t<header class=\"entry-header padding-medium has_border\" >\r\n\t\t\t\t\t\t\t\t\t\t\t\t\t\t\t\t<a href=\"https:\/\/www.cabinet-du-grand-pont.ch\/index.php\/team-member\/valdete-hoxha\/\" class=\"image-wrap overlay-none overlay-hover-none scale-zoomin orion_circle rounded\">\r\n\t\t\t\t\t\t\t\t\t\t\t\t\t\t<div class=\"circle-wrap\">\r\n\t\t\t\t\t\t\t\t\t\t\t\t\t\t\t<img loading=\"lazy\" decoding=\"async\" width=\"291\" height=\"290\" src=\"https:\/\/www.cabinet-du-grand-pont.ch\/wp-content\/uploads\/2021\/05\/Capture-decran-2025-05-28-104737.png\" class=\"attachment-orion_square size-orion_square wp-post-image\" alt=\"\" \/>\t\t\t\t\t\t\t\t<div class=\"overlay\"><\/div>\r\n\t\t\t\t\t\t\t\t\t\t\t\t\t\t<\/div>\r\n\t\t\t\t\t\t\t\t\t\t\t\t\t<\/a>\r\n\t\t\t\t\t\t\t\t\t\t\t\r\n\t\t\t\t<\/header>\t\r\n\t\t\t<div class=\"entry-content vcard  no_bg_color has_border\">\r\n\t\t\t\t<div class=\"basic-info\">\r\n\t\t\t\t\t \r\n\t\t\t\t\t\t<div class=\"departments\">\t\r\n\t\t\t\t\t\t\t \r\n\t\t\t\t\t\t        \t\t\t\t\t\t        \t\t\t\t\t\t\t\t\t\t\r\n\t\t\t\t\t\t\t\t<a class=\"font-3 small category primary-hover primary-color\" href=\"https:\/\/www.cabinet-du-grand-pont.ch\/index.php\/department\/hygieniste-dentaire\/\">Hygieniste dentaire<\/a>\r\n\t\t\t\t\t\t        \t\t\t\t\t\t\t\t\t\t\t\t    <\/div>\t\r\n\t\t\t\t    \r\n\t\t\t\t    \t\t\t\t\t\t<a title=\"Valdete Hoxha\" class=\"primary-hover\" href=\"https:\/\/www.cabinet-du-grand-pont.ch\/index.php\/team-member\/valdete-hoxha\/\"> <h2 class=\"item-title h5 \"> Valdete Hoxha<\/h2>\r\n\t\t\t\t\t\t<\/a>\r\n\t\t\t\t\t\t\t\t\t\r\n\t\t\t\t\t\t\t\t\t\t\r\n\t\t\t\t\t\t\t\t\t<\/div> \r\n\r\n\t\t\t\t\t\t \t\t\r\n\t\t\t\t\t\t\t \t\t\t\t\t\t\t\r\n\t\t\t<\/div>\r\n\t\t<\/div>\r\n\t\t<\/article>\r\n\t\t\t\t\t\t\t<article class=\"item col-md-4 col-sm-6\">\r\n\t\t\t<div class=\"wrap\" style=\"background-color: transparent\">\r\n\t\t\t\t<header class=\"entry-header padding-medium has_border\" >\r\n\t\t\t\t\t\t\t\t\t\t\t\t\t\t\t\t<a href=\"https:\/\/www.cabinet-du-grand-pont.ch\/index.php\/team-member\/jolaine-plamondon\/\" class=\"image-wrap overlay-none overlay-hover-none scale-zoomin orion_circle rounded\">\r\n\t\t\t\t\t\t\t\t\t\t\t\t\t\t<div class=\"circle-wrap\">\r\n\t\t\t\t\t\t\t\t\t\t\t\t\t\t\t<img loading=\"lazy\" decoding=\"async\" width=\"500\" height=\"498\" src=\"https:\/\/www.cabinet-du-grand-pont.ch\/wp-content\/uploads\/2026\/01\/684ff1e2e4678766391c3a11_Frame_1171275298-p-500-removebg-preview.png\" class=\"attachment-orion_square size-orion_square wp-post-image\" alt=\"\" \/>\t\t\t\t\t\t\t\t<div class=\"overlay\"><\/div>\r\n\t\t\t\t\t\t\t\t\t\t\t\t\t\t<\/div>\r\n\t\t\t\t\t\t\t\t\t\t\t\t\t<\/a>\r\n\t\t\t\t\t\t\t\t\t\t\t\r\n\t\t\t\t<\/header>\t\r\n\t\t\t<div class=\"entry-content vcard  no_bg_color has_border\">\r\n\t\t\t\t<div class=\"basic-info\">\r\n\t\t\t\t\t \r\n\t\t\t\t\t\t<div class=\"departments\">\t\r\n\t\t\t\t\t\t\t \r\n\t\t\t\t\t\t        \t\t\t\t\t\t        \t\t\t\t\t\t\t\t\t\t\r\n\t\t\t\t\t\t\t\t<a class=\"font-3 small category primary-hover primary-color\" href=\"https:\/\/www.cabinet-du-grand-pont.ch\/index.php\/department\/hygieniste-dentaire\/\">Hygieniste dentaire<\/a>\r\n\t\t\t\t\t\t        \t\t\t\t\t\t\t\t\t\t\t\t    <\/div>\t\r\n\t\t\t\t    \r\n\t\t\t\t    \t\t\t\t\t\t<a title=\"Jolaine Plamondon\" class=\"primary-hover\" href=\"https:\/\/www.cabinet-du-grand-pont.ch\/index.php\/team-member\/jolaine-plamondon\/\"> <h2 class=\"item-title h5 \"> Jolaine Plamondon<\/h2>\r\n\t\t\t\t\t\t<\/a>\r\n\t\t\t\t\t\t\t\t\t\r\n\t\t\t\t\t\t\t\t\t\t\r\n\t\t\t\t\t\t\t\t\t<\/div> \r\n\r\n\t\t\t\t\t\t \t\t\r\n\t\t\t\t\t\t\t \t\t\t\t\t\t\t\r\n\t\t\t<\/div>\r\n\t\t<\/div>\r\n\t\t<\/article>\r\n\t\t\t\t\t\t\t<article class=\"item col-md-4 col-sm-6\">\r\n\t\t\t<div class=\"wrap\" style=\"background-color: transparent\">\r\n\t\t\t\t<header class=\"entry-header padding-medium has_border\" >\r\n\t\t\t\t\t\t\t\t\t\t\t\t\t\t\t\t<a href=\"https:\/\/www.cabinet-du-grand-pont.ch\/index.php\/team-member\/christine-althaus\/\" class=\"image-wrap overlay-none overlay-hover-none scale-zoomin orion_circle rounded\">\r\n\t\t\t\t\t\t\t\t\t\t\t\t\t\t<div class=\"circle-wrap\">\r\n\t\t\t\t\t\t\t\t\t\t\t\t\t\t\t<img loading=\"lazy\" decoding=\"async\" width=\"750\" height=\"750\" src=\"https:\/\/www.cabinet-du-grand-pont.ch\/wp-content\/uploads\/2021\/05\/Group-1171275428-750x750.png\" class=\"attachment-orion_square size-orion_square wp-post-image\" alt=\"\" \/>\t\t\t\t\t\t\t\t<div class=\"overlay\"><\/div>\r\n\t\t\t\t\t\t\t\t\t\t\t\t\t\t<\/div>\r\n\t\t\t\t\t\t\t\t\t\t\t\t\t<\/a>\r\n\t\t\t\t\t\t\t\t\t\t\t\r\n\t\t\t\t<\/header>\t\r\n\t\t\t<div class=\"entry-content vcard  no_bg_color has_border\">\r\n\t\t\t\t<div class=\"basic-info\">\r\n\t\t\t\t\t \r\n\t\t\t\t\t\t<div class=\"departments\">\t\r\n\t\t\t\t\t\t\t \r\n\t\t\t\t\t\t        \t\t\t\t\t\t        \t\t\t\t\t\t\t\t\t\t\r\n\t\t\t\t\t\t\t\t<a class=\"font-3 small category primary-hover primary-color\" href=\"https:\/\/www.cabinet-du-grand-pont.ch\/index.php\/department\/assistante-dentaire\/\">Assistante dentaire<\/a>\r\n\t\t\t\t\t\t        \t\t\t\t\t\t\t\t\t\t\t\t    <\/div>\t\r\n\t\t\t\t    \r\n\t\t\t\t    \t\t\t\t\t\t<a title=\"Christine Althaus\" class=\"primary-hover\" href=\"https:\/\/www.cabinet-du-grand-pont.ch\/index.php\/team-member\/christine-althaus\/\"> <h2 class=\"item-title h5 \"> Christine Althaus<\/h2>\r\n\t\t\t\t\t\t<\/a>\r\n\t\t\t\t\t\t\t\t\t\r\n\t\t\t\t\t\t\t\t\t\t\r\n\t\t\t\t\t\t\t\t\t<\/div> \r\n\r\n\t\t\t\t\t\t \t\t\r\n\t\t\t\t\t\t\t \t\t\t\t\t\t\t\r\n\t\t\t<\/div>\r\n\t\t<\/div>\r\n\t\t<\/article>\r\n\t\t\t\t\t\t\t<article class=\"item col-md-4 col-sm-6\">\r\n\t\t\t<div class=\"wrap\" style=\"background-color: transparent\">\r\n\t\t\t\t<header class=\"entry-header padding-medium has_border\" >\r\n\t\t\t\t\t\t\t\t\t\t\t\t\t\t\t\t<a href=\"https:\/\/www.cabinet-du-grand-pont.ch\/index.php\/team-member\/christelle-verrier\/\" class=\"image-wrap overlay-none overlay-hover-none scale-zoomin orion_circle rounded\">\r\n\t\t\t\t\t\t\t\t\t\t\t\t\t\t<div class=\"circle-wrap\">\r\n\t\t\t\t\t\t\t\t\t\t\t\t\t\t\t<img loading=\"lazy\" decoding=\"async\" width=\"541\" height=\"534\" src=\"https:\/\/www.cabinet-du-grand-pont.ch\/wp-content\/uploads\/2021\/05\/Capture-decran-2025-05-28-104230.png\" class=\"attachment-orion_square size-orion_square wp-post-image\" alt=\"\" \/>\t\t\t\t\t\t\t\t<div class=\"overlay\"><\/div>\r\n\t\t\t\t\t\t\t\t\t\t\t\t\t\t<\/div>\r\n\t\t\t\t\t\t\t\t\t\t\t\t\t<\/a>\r\n\t\t\t\t\t\t\t\t\t\t\t\r\n\t\t\t\t<\/header>\t\r\n\t\t\t<div class=\"entry-content vcard  no_bg_color has_border\">\r\n\t\t\t\t<div class=\"basic-info\">\r\n\t\t\t\t\t \r\n\t\t\t\t\t\t<div class=\"departments\">\t\r\n\t\t\t\t\t\t\t \r\n\t\t\t\t\t\t        \t\t\t\t\t\t        \t\t\t\t\t\t\t\t\t\t\r\n\t\t\t\t\t\t\t\t<a class=\"font-3 small category primary-hover primary-color\" href=\"https:\/\/www.cabinet-du-grand-pont.ch\/index.php\/department\/assistante-dentaire-responsable\/\">Assistante Dentaire Responsable<\/a>\r\n\t\t\t\t\t\t        \t\t\t\t\t\t\t\t\t\t\t\t    <\/div>\t\r\n\t\t\t\t    \r\n\t\t\t\t    \t\t\t\t\t\t<a title=\"Christelle Verrier\" class=\"primary-hover\" href=\"https:\/\/www.cabinet-du-grand-pont.ch\/index.php\/team-member\/christelle-verrier\/\"> <h2 class=\"item-title h5 \"> Christelle Verrier<\/h2>\r\n\t\t\t\t\t\t<\/a>\r\n\t\t\t\t\t\t\t\t\t\r\n\t\t\t\t\t\t\t\t\t\t\r\n\t\t\t\t\t\t\t\t\t<\/div> \r\n\r\n\t\t\t\t\t\t \t\t\r\n\t\t\t\t\t\t\t \t\t\t\t\t\t\t\r\n\t\t\t<\/div>\r\n\t\t<\/div>\r\n\t\t<\/article>\r\n\t\t\t\t\t\t\t<article class=\"item col-md-4 col-sm-6\">\r\n\t\t\t<div class=\"wrap\" style=\"background-color: transparent\">\r\n\t\t\t\t<header class=\"entry-header padding-medium has_border\" >\r\n\t\t\t\t\t\t\t\t\t\t\t\t\t\t\t\t<a href=\"https:\/\/www.cabinet-du-grand-pont.ch\/index.php\/team-member\/denise-perla\/\" class=\"image-wrap overlay-none overlay-hover-none scale-zoomin orion_circle rounded\">\r\n\t\t\t\t\t\t\t\t\t\t\t\t\t\t<div class=\"circle-wrap\">\r\n\t\t\t\t\t\t\t\t\t\t\t\t\t\t\t<img loading=\"lazy\" decoding=\"async\" width=\"750\" height=\"750\" src=\"https:\/\/www.cabinet-du-grand-pont.ch\/wp-content\/uploads\/2021\/05\/Loreta-4-1-1-750x750.png\" class=\"attachment-orion_square size-orion_square wp-post-image\" alt=\"\" \/>\t\t\t\t\t\t\t\t<div class=\"overlay\"><\/div>\r\n\t\t\t\t\t\t\t\t\t\t\t\t\t\t<\/div>\r\n\t\t\t\t\t\t\t\t\t\t\t\t\t<\/a>\r\n\t\t\t\t\t\t\t\t\t\t\t\r\n\t\t\t\t<\/header>\t\r\n\t\t\t<div class=\"entry-content vcard  no_bg_color has_border\">\r\n\t\t\t\t<div class=\"basic-info\">\r\n\t\t\t\t\t \r\n\t\t\t\t\t\t<div class=\"departments\">\t\r\n\t\t\t\t\t\t\t \r\n\t\t\t\t\t\t        \t\t\t\t\t\t        \t\t\t\t\t\t\t\t\t\t\r\n\t\t\t\t\t\t\t\t<a class=\"font-3 small category primary-hover primary-color\" href=\"https:\/\/www.cabinet-du-grand-pont.ch\/index.php\/department\/assistante-dentaire\/\">Assistante dentaire<\/a>\r\n\t\t\t\t\t\t        \t\t\t\t\t\t\t\t\t\t\t\t    <\/div>\t\r\n\t\t\t\t    \r\n\t\t\t\t    \t\t\t\t\t\t<a title=\"Loreta Sahiti\" class=\"primary-hover\" href=\"https:\/\/www.cabinet-du-grand-pont.ch\/index.php\/team-member\/denise-perla\/\"> <h2 class=\"item-title h5 \"> Loreta Sahiti<\/h2>\r\n\t\t\t\t\t\t<\/a>\r\n\t\t\t\t\t\t\t\t\t\r\n\t\t\t\t\t\t\t\t\t\t\r\n\t\t\t\t\t\t\t\t\t<\/div> \r\n\r\n\t\t\t\t\t\t \t\t\r\n\t\t\t\t\t\t\t \t\t\t\t\t\t\t\r\n\t\t\t<\/div>\r\n\t\t<\/div>\r\n\t\t<\/article>\r\n\t\r\n\t\t\r\n\t<\/div>\r\n<\/div>\t\r\n<\/div><\/div><\/div><div id=\"panel-3014-1-0-1\" class=\"so-panel widget widget_orion_empty_space_w\" data-index=\"4\" ><div class=\"orion default panel-widget-style panel-widget-style-for-3014-1-0-1\" ><div\n\t\t\t\n\t\t\tclass=\"so-widget-orion_empty_space_w so-widget-orion_empty_space_w-base\"\n\t\t\t\n\t\t>\t<div class=\"row empty-space visible-lg visible-md visible-sm visible-xs\" style=\"height:24px;\">\r\n\t<\/div><\/div><\/div><\/div><div id=\"panel-3014-1-0-2\" class=\"so-panel widget widget_orion_empty_space_w\" data-index=\"5\" ><div class=\"orion default panel-widget-style panel-widget-style-for-3014-1-0-2\" ><div\n\t\t\t\n\t\t\tclass=\"so-widget-orion_empty_space_w so-widget-orion_empty_space_w-base\"\n\t\t\t\n\t\t>\t<div class=\"row empty-space visible-lg visible-md visible-sm visible-xs\" style=\"height:24px;\">\r\n\t<\/div><\/div><\/div><\/div><div id=\"panel-3014-1-0-3\" class=\"so-panel widget widget_orion_empty_space_w\" data-index=\"6\" ><div class=\"orion default panel-widget-style panel-widget-style-for-3014-1-0-3\" ><div\n\t\t\t\n\t\t\tclass=\"so-widget-orion_empty_space_w so-widget-orion_empty_space_w-base\"\n\t\t\t\n\t\t>\t<div class=\"row empty-space visible-lg visible-md visible-sm visible-xs\" style=\"height:24px;\">\r\n\t<\/div><\/div><\/div><\/div><div id=\"panel-3014-1-0-4\" class=\"so-panel widget widget_orion_empty_space_w\" data-index=\"7\" ><div class=\"orion default panel-widget-style panel-widget-style-for-3014-1-0-4\" ><div\n\t\t\t\n\t\t\tclass=\"so-widget-orion_empty_space_w so-widget-orion_empty_space_w-base\"\n\t\t\t\n\t\t>\t<div class=\"row empty-space visible-lg visible-md visible-sm visible-xs\" style=\"height:24px;\">\r\n\t<\/div><\/div><\/div><\/div><div id=\"panel-3014-1-0-5\" class=\"so-panel widget widget_orion_empty_space_w panel-last-child\" data-index=\"8\" ><div class=\"orion default panel-widget-style panel-widget-style-for-3014-1-0-5\" ><div\n\t\t\t\n\t\t\tclass=\"so-widget-orion_empty_space_w so-widget-orion_empty_space_w-base\"\n\t\t\t\n\t\t>\t<div class=\"row empty-space visible-lg visible-md visible-sm visible-xs\" style=\"height:24px;\">\r\n\t<\/div><\/div><\/div><\/div><\/div><\/div><\/div><div id=\"pg-3014-2\"  class=\"panel-grid panel-has-style\" ><div class=\"divider-no-animation tablet-default mobile-1-in-row desktop-default panel-row-style panel-row-style-for-3014-2\" ><div id=\"pgc-3014-2-0\"  class=\"panel-grid-cell\" ><div id=\"panel-3014-2-0-0\" class=\"so-panel widget widget_orion_empty_space_w panel-first-child\" data-index=\"9\" ><div class=\"orion default panel-widget-style panel-widget-style-for-3014-2-0-0\" ><div\n\t\t\t\n\t\t\tclass=\"so-widget-orion_empty_space_w so-widget-orion_empty_space_w-base\"\n\t\t\t\n\t\t>\t<div class=\"row empty-space visible-lg visible-md visible-sm visible-xs\" style=\"height:24px;\">\r\n\t<\/div><\/div><\/div><\/div><div id=\"panel-3014-2-0-1\" class=\"so-panel widget widget_orion_empty_space_w\" data-index=\"10\" ><div class=\"orion default panel-widget-style panel-widget-style-for-3014-2-0-1\" ><div\n\t\t\t\n\t\t\tclass=\"so-widget-orion_empty_space_w so-widget-orion_empty_space_w-base\"\n\t\t\t\n\t\t>\t<div class=\"row empty-space visible-lg visible-md visible-sm visible-xs\" style=\"height:24px;\">\r\n\t<\/div><\/div><\/div><\/div><div id=\"panel-3014-2-0-2\" class=\"so-panel widget widget_orion_heading_w\" data-index=\"11\" ><div class=\"orion default panel-widget-style panel-widget-style-for-3014-2-0-2\" ><div\n\t\t\t\n\t\t\tclass=\"so-widget-orion_heading_w so-widget-orion_heading_w-base\"\n\t\t\t\n\t\t> \r\n\t\t\t<div class=\"row orion-heading\" style=\"margin-bottom:0px;\">\r\n\t\t<div class=\"col-md-12   text-left style-h2 style-text-default\">\r\n\t\t\t<h2 class=\"text-default\">\r\n\t\t\t\tNotre \u00e9quipe\t\t\t<\/h2>\r\n\t\t<\/div>\r\n\t<\/div>\r\n\r\n\t<\/div><\/div><\/div><div id=\"panel-3014-2-0-3\" class=\"so-panel widget widget_text\" data-index=\"12\" ><div class=\"orion default panel-widget-style panel-widget-style-for-3014-2-0-3\" >\t\t\t<div class=\"textwidget\"><p>est heureuse de vous accueillir dans une ambiance chaleureuse tous les jours de la semaine. Nous mettons toute notre \u00e9nergie pour vous fournir des prestations de qualit\u00e9s et vous permettre de b\u00e9n\u00e9ficier des derni\u00e8res technologies dentaires \u00e0 disposition.<br \/>\nVous pouvez planifier vos rendez-vous directement en ligne et nous vous contacterons pour vous le confirmer.<\/p>\n<\/div>\n\t\t<\/div><\/div><div id=\"panel-3014-2-0-4\" class=\"widget_text so-panel widget widget_custom_html panel-last-child\" data-index=\"13\" ><div class=\"widget_text orion default panel-widget-style panel-widget-style-for-3014-2-0-4\" ><div class=\"textwidget custom-html-widget\"><script>var arr = jQuery('.item');\nfor(var i = 0; i < arr.length; i++){\nif(i !== 0 && i !== 1 && i !==2 && i !==8 && i !== 6 && i !== 7){\n\/\/jQuery(arr[i]).find('a').attr('href', 'javascript:void(0)').css({'pointer-events': 'none', 'cursor': 'default'});\n}\n}\n<\/script><\/div><\/div><\/div><\/div><div id=\"pgc-3014-2-1\"  class=\"panel-grid-cell\" ><div id=\"panel-3014-2-1-0\" class=\"so-panel widget widget_orion_image_w panel-first-child panel-last-child\" data-index=\"14\" ><div class=\"orion default panel-widget-style panel-widget-style-for-3014-2-1-0\" ><div\n\t\t\t\n\t\t\tclass=\"so-widget-orion_image_w so-widget-orion_image_w-base\"\n\t\t\t\n\t\t>\r\n<div class=\"image-w relative rounded\">\r\n\r\n\t\t\t\t\t\t\t<div class=\"orion_circle image-wrap rounded overlay-none overlay-hover-none\">\r\n\t\t\r\n\t\t\t\t<div class=\"circle-wrap\">\r\n\t\t\t\t\t<img loading=\"lazy\" decoding=\"async\" width=\"750\" height=\"694\" src=\"https:\/\/www.cabinet-du-grand-pont.ch\/wp-content\/uploads\/2021\/05\/photo_2021-05-19_22-09-29-750x694.jpg\" class=\"attachment-orion_square size-orion_square\" alt=\"\" \/>\t\t\t<div class=\"overlay\"><\/div>\r\n\t\t\t\t<\/div>\r\n\t\t\r\n\t\t\t\t\t<\/div>\r\n\t\t\t\r\n\t\r\n\t<div class=\"absolute\">\r\n\t\t<div class=\"hover-desc table-wrap\">\r\n\t\t\t<div class=\"cell-wrap\">\r\n\t\t\t\t<h4 class=\"text-light\"><\/h4>\r\n\t\t\t<\/div>\r\n\t\t<\/div>\r\n\t<\/div>\t\t\t\t\t\r\n<\/div>\r\n\r\n<\/div><\/div><\/div><\/div><\/div><\/div><\/div>","protected":false},"excerpt":{"rendered":"<p>Constitu\u00e9 de trois dentistes, une hygi\u00e9niste, une hygi\u00e9niste ind\u00e9pendante et de trois assistantes, l\u2019\u00e9quipe est compl\u00e9t\u00e9e par un technicien travaillant dans un laboratoire int\u00e9gr\u00e9 dans nos locaux.<\/p>\n","protected":false},"author":1,"featured_media":0,"parent":0,"menu_order":0,"comment_status":"closed","ping_status":"closed","template":"","meta":{"footnotes":""},"class_list":["post-3014","page","type-page","status-publish","hentry"],"_links":{"self":[{"href":"https:\/\/www.cabinet-du-grand-pont.ch\/index.php\/wp-json\/wp\/v2\/pages\/3014","targetHints":{"allow":["GET"]}}],"collection":[{"href":"https:\/\/www.cabinet-du-grand-pont.ch\/index.php\/wp-json\/wp\/v2\/pages"}],"about":[{"href":"https:\/\/www.cabinet-du-grand-pont.ch\/index.php\/wp-json\/wp\/v2\/types\/page"}],"author":[{"embeddable":true,"href":"https:\/\/www.cabinet-du-grand-pont.ch\/index.php\/wp-json\/wp\/v2\/users\/1"}],"replies":[{"embeddable":true,"href":"https:\/\/www.cabinet-du-grand-pont.ch\/index.php\/wp-json\/wp\/v2\/comments?post=3014"}],"version-history":[{"count":91,"href":"https:\/\/www.cabinet-du-grand-pont.ch\/index.php\/wp-json\/wp\/v2\/pages\/3014\/revisions"}],"predecessor-version":[{"id":3437,"href":"https:\/\/www.cabinet-du-grand-pont.ch\/index.php\/wp-json\/wp\/v2\/pages\/3014\/revisions\/3437"}],"wp:attachment":[{"href":"https:\/\/www.cabinet-du-grand-pont.ch\/index.php\/wp-json\/wp\/v2\/media?parent=3014"}],"curies":[{"name":"wp","href":"https:\/\/api.w.org\/{rel}","templated":true}]}}