{"id":921,"date":"2016-10-05T08:44:06","date_gmt":"2016-10-05T08:44:06","guid":{"rendered":"http:\/\/dentalia.orionthemes.com\/demo-1\/?page_id=921"},"modified":"2025-04-17T11:58:03","modified_gmt":"2025-04-17T11:58:03","slug":"medecine-generale","status":"publish","type":"page","link":"https:\/\/www.cabinet-du-grand-pont.ch\/index.php\/services\/medecine-generale\/","title":{"rendered":"M\u00e9decine g\u00e9n\u00e9rale"},"content":{"rendered":"<div id=\"pl-921\"  class=\"panel-layout\" ><div id=\"pg-921-0\"  class=\"panel-grid panel-has-style\" ><div class=\"divider-no-animation tablet-1-in-row mobile-1-in-row desktop-default panel-row-style panel-row-style-for-921-0\" ><div id=\"pgc-921-0-0\"  class=\"panel-grid-cell\" ><div id=\"panel-921-0-0-0\" class=\"so-panel widget widget_orion_heading_w panel-first-child\" data-index=\"0\" ><div class=\"hidden orion custom default panel-widget-style panel-widget-style-for-921-0-0-0\" ><div\n\t\t\t\n\t\t\tclass=\"so-widget-orion_heading_w so-widget-orion_heading_w-base\"\n\t\t\t\n\t\t> \r\n\t\t\t<div class=\"row orion-heading\" style=\"margin-bottom:0px;\">\r\n\t\t<div class=\"col-md-12  separator-style-1 text-left style-h6 style-primary-color\">\r\n\t\t\t<h6 class=\"primary-color\">\r\n\t\t\t\tTHE FASTEST METHOD\t\t\t<\/h6>\r\n\t\t<\/div>\r\n\t<\/div>\r\n\r\n\t<\/div><\/div><\/div><div id=\"panel-921-0-0-1\" class=\"so-panel widget widget_orion_heading_w\" data-index=\"1\" ><div class=\"hidden orion custom default panel-widget-style panel-widget-style-for-921-0-0-1\" ><div\n\t\t\t\n\t\t\tclass=\"so-widget-orion_heading_w so-widget-orion_heading_w-base\"\n\t\t\t\n\t\t> \r\n\t\t\t<div class=\"row orion-heading\" style=\"margin-bottom:0px;\">\r\n\t\t<div class=\"col-md-12   text-left style-h2 style-text-dark\">\r\n\t\t\t<h2 class=\"text-dark\">\r\n\t\t\t\tTraitements Dentisterie G\u00e9n\u00e9rale\t\t\t<\/h2>\r\n\t\t<\/div>\r\n\t<\/div>\r\n\r\n\t<\/div><\/div><\/div><div id=\"panel-921-0-0-2\" class=\"so-panel widget widget_sow-editor\" data-index=\"2\" ><div class=\"hidden orion custom default panel-widget-style panel-widget-style-for-921-0-0-2\" ><div\n\t\t\t\n\t\t\tclass=\"so-widget-sow-editor so-widget-sow-editor-base\"\n\t\t\t\n\t\t>\n<div class=\"siteorigin-widget-tinymce textwidget\">\n\t<p class=\"lead\">Parce qu\u2019un sourire en bonne sant\u00e9 commence par des soins r\u00e9guliers, nous proposons des traitements adapt\u00e9s \u00e0 chaque patient, pour pr\u00e9venir et traiter les caries, prot\u00e9ger vos dents, et pr\u00e9server votre confort au quotidien.<\/p>\n<\/div>\n<\/div><\/div><\/div><div id=\"panel-921-0-0-3\" class=\"so-panel widget widget_orion_button_w\" data-index=\"3\" ><div class=\"orion mobile-text-center tablets-text-center absolute-bottom absolute-bottom-left default panel-widget-style panel-widget-style-for-921-0-0-3\" ><div\n\t\t\t\n\t\t\tclass=\"so-widget-orion_button_w so-widget-orion_button_w-base\"\n\t\t\t\n\t\t>\r\n\t\t\t<a class=\"btn btn-c1 btn-round icon-right btn-flat btn-lg\"  href=\"https:\/\/www.cabinet-du-grand-pont.ch\/index.php\/contact\/\">\r\n\t\t\tDemander un rendez-vous<span class=\"sow-icon-eleganticons\" data-sow-icon=\"&#xe023;\"\n\t\tstyle=\"color:#ffffff\" \n\t\taria-hidden=\"true\"><\/span>\t\t\r\n\t\t<\/a>\r\n\t\r\n\r\n\r\n\r\n<\/div><\/div><\/div><div id=\"panel-921-0-0-4\" class=\"so-panel widget widget_text panel-last-child\" data-index=\"4\" ><div class=\"orion custom default panel-widget-style panel-widget-style-for-921-0-0-4\" ><h3 class=\"widget-title\">Dentisterie G\u00e9n\u00e9rale<\/h3>\t\t\t<div class=\"textwidget\"><p>Parce qu\u2019un sourire en bonne sant\u00e9 commence par des soins r\u00e9guliers, nous proposons des traitements adapt\u00e9s \u00e0 chaque patient, pour pr\u00e9venir et traiter les caries, prot\u00e9ger vos dents, et pr\u00e9server votre confort au quotidien.<\/p>\n<\/div>\n\t\t<\/div><\/div><\/div><div id=\"pgc-921-0-1\"  class=\"panel-grid-cell\" ><div id=\"panel-921-0-1-0\" class=\"so-panel widget widget_orion_before_after_w panel-first-child\" data-index=\"5\" ><div class=\"orion custom default panel-widget-style panel-widget-style-for-921-0-1-0\" ><div\n\t\t\t\n\t\t\tclass=\"so-widget-orion_before_after_w so-widget-orion_before_after_w-base\"\n\t\t\t\n\t\t>\t<div class=\"twentytwenty-container orion-before-after overlay-none overlay-hover-none handle-transparent\" id=\"ba_69e36b9eae517\">\r\n\t\t\t<img decoding=\"async\" src=\"https:\/\/www.cabinet-du-grand-pont.ch\/wp-content\/uploads\/2021\/04\/photo_2021-04-21_11-48-0111.jpg\" \r\n\t\t\tclass=\"before\" \r\n\t\t\t\t\t\t\/>\t\r\n\t\t\t\t\t\t<img decoding=\"async\" src=\"https:\/\/www.cabinet-du-grand-pont.ch\/wp-content\/uploads\/2021\/04\/photo_2021-04-21_11-48-01112.jpg\" class=\"after\" \r\n\t\t\t\t\t\t\/>\r\n\t\t\t\t\t\r\n\t\t<div class=\"overlay\"><\/div>\r\n\t<\/div>\r\n\r\n\t<script>\r\n\tjQuery(window).on('load',function(){\r\n\t\tjQuery(\"#ba_69e36b9eae517\").twentytwenty({\r\n\t\t\tdefault_offset_pct: 0.5, \r\n\t\t\torientation: 'horizontal', \r\n\t\t});\r\n\t});\r\n\t<\/script> <\/div><\/div><\/div><div id=\"panel-921-0-1-1\" class=\"so-panel widget widget_sow-editor panel-last-child\" data-index=\"6\" ><div class=\"hidden orion default panel-widget-style panel-widget-style-for-921-0-1-1\" ><div\n\t\t\t\n\t\t\tclass=\"so-widget-sow-editor so-widget-sow-editor-base\"\n\t\t\t\n\t\t>\n<div class=\"siteorigin-widget-tinymce textwidget\">\n\t<p>Patients Teeth Before &amp; After Teeth Whitening<\/p>\n<\/div>\n<\/div><\/div><\/div><\/div><\/div><\/div><div id=\"pg-921-1\"  class=\"panel-grid panel-has-style\" ><div class=\"so-parallax siteorigin-panels-stretch divider-no-animation tablet-default mobile-1-in-row desktop-default overlay-c3 panel-row-style panel-row-style-for-921-1\" data-stretch-type=\"full\" ><img fetchpriority=\"high\" decoding=\"async\" width=\"1920\" height=\"1280\" src=\"https:\/\/www.cabinet-du-grand-pont.ch\/wp-content\/uploads\/2016\/09\/dentalia-demo-bg-lights.jpg\" class=\"attachment-full size-full\" alt=\"\" data-siteorigin-parallax=\"true\" loading=\"eager\" srcset=\"https:\/\/www.cabinet-du-grand-pont.ch\/wp-content\/uploads\/2016\/09\/dentalia-demo-bg-lights.jpg 1920w, https:\/\/www.cabinet-du-grand-pont.ch\/wp-content\/uploads\/2016\/09\/dentalia-demo-bg-lights-300x200.jpg 300w, https:\/\/www.cabinet-du-grand-pont.ch\/wp-content\/uploads\/2016\/09\/dentalia-demo-bg-lights-1024x683.jpg 1024w, https:\/\/www.cabinet-du-grand-pont.ch\/wp-content\/uploads\/2016\/09\/dentalia-demo-bg-lights-768x512.jpg 768w, https:\/\/www.cabinet-du-grand-pont.ch\/wp-content\/uploads\/2016\/09\/dentalia-demo-bg-lights-1536x1024.jpg 1536w, https:\/\/www.cabinet-du-grand-pont.ch\/wp-content\/uploads\/2016\/09\/dentalia-demo-bg-lights-750x500.jpg 750w, https:\/\/www.cabinet-du-grand-pont.ch\/wp-content\/uploads\/2016\/09\/dentalia-demo-bg-lights-272x182.jpg 272w\" sizes=\"(max-width: 1920px) 100vw, 1920px\" \/><div id=\"pgc-921-1-0\"  class=\"panel-grid-cell\" ><div id=\"panel-921-1-0-0\" class=\"so-panel widget widget_orion_icon_text_w panel-first-child panel-last-child\" data-index=\"7\" ><div class=\"orion default panel-widget-style panel-widget-style-for-921-1-0-0\" ><div\n\t\t\t\n\t\t\tclass=\"so-widget-orion_icon_text_w so-widget-orion_icon_text_w-base\"\n\t\t\t\n\t\t>\r\n<div class=\"row icon-box-items-wrap grid icon-top\">\r\n \r\n\t\r\n\t\t\r\n\t\t\r\n\t\t\t\t\r\n\t\t\r\n\t\t<div class=\"icon-box-wrap clearfix col-lg-4 col-md-4 col-sm-6 no_desc vertical-center text-light\" style=\"margin-bottom:60px;\">\t\t\r\n\r\n\t\t\t\t\t\t\t\t\t\t<div class=\"icon-wrap relative simple\">\r\n\t\t\t\t\t<span class=\"sow-icon-dentalicons\" data-sow-icon=\"&#xe813;\"\n\t\tstyle=\"color: #ffffff\" \n\t\taria-hidden=\"true\"><\/span>\t\t\t\t\t\t\t\t\t<\/div>\r\n\t\t\t\r\n\t\t\t<h4 class=\"item-title h6\">Un sourire \u00e9clatant<\/h4>\t\t\t\r\n\r\n\t\t\t\r\n\t\t<\/div>\r\n\t\r\n\t\t\r\n\t\t\r\n\t\t\t\t\r\n\t\t\r\n\t\t<div class=\"icon-box-wrap clearfix col-lg-4 col-md-4 col-sm-6 no_desc vertical-center text-light\" style=\"margin-bottom:60px;\">\t\t\r\n\r\n\t\t\t\t\t\t\t\t\t\t<div class=\"icon-wrap relative simple\">\r\n\t\t\t\t\t<span class=\"sow-icon-dentalicons\" data-sow-icon=\"&#xe80c;\"\n\t\tstyle=\"color: #ffffff\" \n\t\taria-hidden=\"true\"><\/span>\t\t\t\t\t\t\t\t\t<\/div>\r\n\t\t\t\r\n\t\t\t<h4 class=\"item-title h6\">Irritation minimale<\/h4>\t\t\t\r\n\r\n\t\t\t\r\n\t\t<\/div>\r\n\t\r\n\t\t\r\n\t\t\r\n\t\t\t\t\r\n\t\t\r\n\t\t<div class=\"icon-box-wrap clearfix col-lg-4 col-md-4 col-sm-6 no_desc vertical-center text-light\" style=\"margin-bottom:60px;\">\t\t\r\n\r\n\t\t\t\t\t\t\t\t\t\t<div class=\"icon-wrap relative simple\">\r\n\t\t\t\t\t<span class=\"sow-icon-dentalicons\" data-sow-icon=\"&#xe816;\"\n\t\tstyle=\"color: #ffffff\" \n\t\taria-hidden=\"true\"><\/span>\t\t\t\t\t\t\t\t\t<\/div>\r\n\t\t\t\r\n\t\t\t<h4 class=\"item-title h6\">Une seule visite<\/h4>\t\t\t\r\n\r\n\t\t\t\r\n\t\t<\/div>\r\n\t\r\n<\/div><\/div><\/div><\/div><\/div><\/div><\/div><div id=\"pg-921-2\"  class=\"panel-grid panel-has-style\" ><div class=\"orion-collapse-right-top hidden divider-no-animation tablet-default mobile-1-in-row desktop-default panel-row-style panel-row-style-for-921-2\" ><div id=\"pgc-921-2-0\"  class=\"panel-grid-cell\" ><div id=\"panel-921-2-0-0\" class=\"so-panel widget widget_orion_pricelist_w panel-first-child panel-last-child\" data-index=\"8\" ><div class=\"orion default panel-widget-style panel-widget-style-for-921-2-0-0\" ><div\n\t\t\t\n\t\t\tclass=\"so-widget-orion_pricelist_w so-widget-orion_pricelist_w-base\"\n\t\t\t\n\t\t>\r\n<div class=\"orion-pricelist row \">\r\n\t\t\r\n\r\n\t\t\t<div class=\"item col-md-12\">\r\n\t\t\t<div class=\"title \">\r\n\t\t\t\t<h6 class=\"item-title \"  >\r\n\t\t\t\t\tOral Health Consultation\t\t\r\n\t\t\t\t<\/h6>\r\n\r\n\t\t\t\t\t\t\t\t\t\t\t\t\t\t<h6 class=\"price item-title text-right\" >\r\n\t\t\t\t\t\t\r\n\t\t\t\t\t\t\t\t\t\t\t\t\tfree\t\t\t\t\t\t\t\t\t\t\t\t\r\n\t\t\t\t\t\t\t\r\n\t\t\t\t\t\t<\/h6>\r\n\t\t\t\t\t\t\t<\/div>\r\n\r\n\t\t\t<div class=\"description\" >\r\n\t\t\t\t<p>Includes Full Mouth X-Ray and Treatment Plan<\/p>\t\t\t<\/div>\r\n\t\t<\/div>\r\n\t\t\t<div class=\"item col-md-12\">\r\n\t\t\t<div class=\"title \">\r\n\t\t\t\t<h6 class=\"item-title \"  >\r\n\t\t\t\t\tExam &amp; Cleaning\t\t\r\n\t\t\t\t<\/h6>\r\n\r\n\t\t\t\t\t\t\t\t\t\t\t\t\t\t<h6 class=\"price item-title text-right\" >\r\n\t\t\t\t\t\t\r\n\t\t\t\t\t\t\t\t\t\t\t\t\t$65\t\t\t\t\t\t\t\t\t\t\t\t\r\n\t\t\t\t\t\t\t\r\n\t\t\t\t\t\t<\/h6>\r\n\t\t\t\t\t\t\t<\/div>\r\n\r\n\t\t\t<div class=\"description\" >\r\n\t\t\t\t<p>Includes Full Mouth Cleaning<\/p>\t\t\t<\/div>\r\n\t\t<\/div>\r\n\t\t\t<div class=\"item col-md-12\">\r\n\t\t\t<div class=\"title \">\r\n\t\t\t\t<h6 class=\"item-title \"  >\r\n\t\t\t\t\tWhite Filling\t\t\r\n\t\t\t\t<\/h6>\r\n\r\n\t\t\t\t\t\t\t\t\t\t\t\t\t\t<h6 class=\"price item-title text-right\" >\r\n\t\t\t\t\t\t\r\n\t\t\t\t\t\t\t\t\t\t\t\t\t$99\t\t\t\t\t\t\t\t\t\t\t\t\r\n\t\t\t\t\t\t\t\r\n\t\t\t\t\t\t<\/h6>\r\n\t\t\t\t\t\t\t<\/div>\r\n\r\n\t\t\t<div class=\"description\" >\r\n\t\t\t\t<p>Includes 1 Composite Filling<\/p>\t\t\t<\/div>\r\n\t\t<\/div>\r\n\t\t\t<div class=\"item col-md-12\">\r\n\t\t\t<div class=\"title \">\r\n\t\t\t\t<h6 class=\"item-title \"  >\r\n\t\t\t\t\tLaser Teeth Whitening\t\t\r\n\t\t\t\t<\/h6>\r\n\r\n\t\t\t\t\t\t\t\t\t\t\t\t\t\t<h6 class=\"price item-title text-right\" >\r\n\t\t\t\t\t\t\r\n\t\t\t\t\t\t\t\t\t\t\t\t\t$600\t\t\t\t\t\t\t\t\t\t\t\t\r\n\t\t\t\t\t\t\t\r\n\t\t\t\t\t\t<\/h6>\r\n\t\t\t\t\t\t\t<\/div>\r\n\r\n\t\t\t<div class=\"description\" >\r\n\t\t\t\t<p>Minimally Invasive Techology<\/p>\t\t\t<\/div>\r\n\t\t<\/div>\r\n\t<\/div><\/div><\/div><\/div><\/div><div id=\"pgc-921-2-1\"  class=\"panel-grid-cell\" ><div id=\"panel-921-2-1-0\" class=\"so-panel widget widget_sow-editor panel-first-child\" data-index=\"9\" ><div class=\"orion default panel-widget-style panel-widget-style-for-921-2-1-0\" ><div\n\t\t\t\n\t\t\tclass=\"so-widget-sow-editor so-widget-sow-editor-base\"\n\t\t\t\n\t\t><h3 class=\"widget-title\">PAYMENT OPTIONS<\/h3>\n<div class=\"siteorigin-widget-tinymce textwidget\">\n\t<p>Lorem ipsum dolor sit amet, consectetur adipiscing elit. Etiam massa ligula, aliquet euismod eleifend vitae, interdum ut mi. Praesent fringilla pharetra sapien sit amet semper. Nunc id massa ut mi tempus mattis ac eu lectus. Praesent egestas eleifend porta. Sed posuere venenatis libero quis tempor. Nulla metus mi, malesuada eu risus nec, placerat imperdiet ex.<\/p>\n<\/div>\n<\/div><\/div><\/div><div id=\"panel-921-2-1-1\" class=\"so-panel widget widget_orion_dividers_w\" data-index=\"10\" ><div class=\"orion default panel-widget-style panel-widget-style-for-921-2-1-1\" ><div\n\t\t\t\n\t\t\tclass=\"so-widget-orion_dividers_w so-widget-orion_dividers_w-base\"\n\t\t\t\n\t\t>\t<hr style=\"border-top-width:1px; border-top-color:rgba(242,242,242,1); border-style: solid; width: 100%;  margin-top:23px; margin-bottom:36px;\"><\/div><\/div><\/div><div id=\"panel-921-2-1-2\" class=\"so-panel widget widget_sow-editor panel-last-child\" data-index=\"11\" ><div class=\"orion default panel-widget-style panel-widget-style-for-921-2-1-2\" ><div\n\t\t\t\n\t\t\tclass=\"so-widget-sow-editor so-widget-sow-editor-base\"\n\t\t\t\n\t\t><h3 class=\"widget-title\">INSURANCE<\/h3>\n<div class=\"siteorigin-widget-tinymce textwidget\">\n\t<p>Lorem ipsum dolor sit amet, consectetur adipiscing elit. Etiam massa ligula, aliquet euismod eleifend vitae, interdum ut mi. Praesent fringilla pharetra sapien sit amet semper. Nunc id massa ut mi tempus mattis ac eu lectus. Praesent egestas eleifend porta. Sed posuere venenatis libero quis tempor. Nulla metus mi, malesuada eu risus nec, placerat imperdiet ex.<\/p>\n<\/div>\n<\/div><\/div><\/div><\/div><\/div><\/div><\/div>","protected":false},"excerpt":{"rendered":"<p>Laser teeth whitening allows us to whiten your teeth for as much as 8 shades in just one visit.<\/p>\n","protected":false},"author":1,"featured_media":2915,"parent":968,"menu_order":0,"comment_status":"closed","ping_status":"closed","template":"","meta":{"footnotes":""},"class_list":["post-921","page","type-page","status-publish","has-post-thumbnail","hentry"],"_links":{"self":[{"href":"https:\/\/www.cabinet-du-grand-pont.ch\/index.php\/wp-json\/wp\/v2\/pages\/921","targetHints":{"allow":["GET"]}}],"collection":[{"href":"https:\/\/www.cabinet-du-grand-pont.ch\/index.php\/wp-json\/wp\/v2\/pages"}],"about":[{"href":"https:\/\/www.cabinet-du-grand-pont.ch\/index.php\/wp-json\/wp\/v2\/types\/page"}],"author":[{"embeddable":true,"href":"https:\/\/www.cabinet-du-grand-pont.ch\/index.php\/wp-json\/wp\/v2\/users\/1"}],"replies":[{"embeddable":true,"href":"https:\/\/www.cabinet-du-grand-pont.ch\/index.php\/wp-json\/wp\/v2\/comments?post=921"}],"version-history":[{"count":14,"href":"https:\/\/www.cabinet-du-grand-pont.ch\/index.php\/wp-json\/wp\/v2\/pages\/921\/revisions"}],"predecessor-version":[{"id":3435,"href":"https:\/\/www.cabinet-du-grand-pont.ch\/index.php\/wp-json\/wp\/v2\/pages\/921\/revisions\/3435"}],"up":[{"embeddable":true,"href":"https:\/\/www.cabinet-du-grand-pont.ch\/index.php\/wp-json\/wp\/v2\/pages\/968"}],"wp:featuredmedia":[{"embeddable":true,"href":"https:\/\/www.cabinet-du-grand-pont.ch\/index.php\/wp-json\/wp\/v2\/media\/2915"}],"wp:attachment":[{"href":"https:\/\/www.cabinet-du-grand-pont.ch\/index.php\/wp-json\/wp\/v2\/media?parent=921"}],"curies":[{"name":"wp","href":"https:\/\/api.w.org\/{rel}","templated":true}]}}